{"id":15,"date":"2025-02-16T13:59:15","date_gmt":"2025-02-16T12:59:15","guid":{"rendered":"http:\/\/libreei.cluster021.hosting.ovh.net\/?page_id=15"},"modified":"2025-02-26T22:23:06","modified_gmt":"2025-02-26T21:23:06","slug":"contact","status":"publish","type":"page","link":"https:\/\/www.libre-escale.fr\/index.php\/contact\/","title":{"rendered":"Contact"},"content":{"rendered":"\t\t<div data-elementor-type=\"wp-page\" data-elementor-id=\"15\" class=\"elementor elementor-15\">\n\t\t\t\t<div class=\"elementor-element elementor-element-e9fa502 e-flex e-con-boxed e-con e-parent\" data-id=\"e9fa502\" data-element_type=\"container\" data-e-type=\"container\">\n\t\t\t\t\t<div class=\"e-con-inner\">\n\t\t\t\t<div class=\"elementor-element elementor-element-959cacb elementor-widget elementor-widget-text-editor\" data-id=\"959cacb\" data-element_type=\"widget\" data-e-type=\"widget\" data-widget_type=\"text-editor.default\">\n\t\t\t\t<div class=\"elementor-widget-container\">\n\t\t\t\t\t\t\t\t\t<p data-start=\"64\" data-end=\"106\"><strong data-start=\"64\" data-end=\"104\">\u00ab\u00a0Une envie d\u2019\u00e9vasion ? Parlons-en !\u00a0\u00bb<\/strong><\/p><p data-start=\"108\" data-end=\"334\">Que vous ayez une id\u00e9e pr\u00e9cise de votre prochain voyage ou simplement l\u2019envie de partir sans savoir par o\u00f9 commencer, je suis l\u00e0 pour vous accompagner. Contactez-moi et construisons ensemble l\u2019itin\u00e9raire qui vous ressemble.<\/p><p data-start=\"108\" data-end=\"334\">Vous pouvez me contacter via :<\/p>\t\t\t\t\t\t\t\t<\/div>\n\t\t\t\t<\/div>\n\t\t\t\t<div class=\"elementor-element elementor-element-48097ee elementor-widget elementor-widget-text-editor\" data-id=\"48097ee\" data-element_type=\"widget\" data-e-type=\"widget\" data-widget_type=\"text-editor.default\">\n\t\t\t\t<div class=\"elementor-widget-container\">\n\t\t\t\t\t\t\t\t\t<p>\u2709\ufe0f \u00a0contact@libre-escale.fr<br data-start=\"392\" data-end=\"395\" \/>\ud83d\udcde <span style=\"color: #1ba9aa;\"><a style=\"color: #1ba9aa; text-decoration: underline;\" href=\"https:\/\/calendly.com\/contact-libre-escale\" target=\"_blank\" rel=\"noopener\">r\u00e9server un appel d\u00e9couverte<\/a><\/span><\/p>\t\t\t\t\t\t\t\t<\/div>\n\t\t\t\t<\/div>\n\t\t\t\t<div class=\"elementor-element elementor-element-10a7aa7 elementor-widget elementor-widget-text-editor\" data-id=\"10a7aa7\" data-element_type=\"widget\" data-e-type=\"widget\" data-widget_type=\"text-editor.default\">\n\t\t\t\t<div class=\"elementor-widget-container\">\n\t\t\t\t\t\t\t\t\t<p>H\u00e2te d\u2019\u00e9changer avec vous et de donner vie \u00e0 votre prochaine aventure !<\/p>\t\t\t\t\t\t\t\t<\/div>\n\t\t\t\t<\/div>\n\t\t\t\t\t<\/div>\n\t\t\t\t<\/div>\n\t\t<div class=\"elementor-element elementor-element-05b4e22 e-flex e-con-boxed e-con e-parent\" data-id=\"05b4e22\" data-element_type=\"container\" data-e-type=\"container\">\n\t\t\t\t\t<div class=\"e-con-inner\">\n\t\t\t\t<div class=\"elementor-element elementor-element-c83b29a elementor-widget elementor-widget-image\" data-id=\"c83b29a\" data-element_type=\"widget\" data-e-type=\"widget\" data-widget_type=\"image.default\">\n\t\t\t\t<div class=\"elementor-widget-container\">\n\t\t\t\t\t\t\t\t\t\t\t\t\t\t\t<img fetchpriority=\"high\" decoding=\"async\" width=\"1024\" height=\"576\" src=\"https:\/\/www.libre-escale.fr\/wp-content\/uploads\/2025\/02\/P_20171005_131504-1-1024x576.jpg\" class=\"attachment-large size-large wp-image-636\" alt=\"Cr\u00eate\" srcset=\"https:\/\/www.libre-escale.fr\/wp-content\/uploads\/2025\/02\/P_20171005_131504-1-1024x576.jpg 1024w, https:\/\/www.libre-escale.fr\/wp-content\/uploads\/2025\/02\/P_20171005_131504-1-300x169.jpg 300w, https:\/\/www.libre-escale.fr\/wp-content\/uploads\/2025\/02\/P_20171005_131504-1-768x432.jpg 768w, https:\/\/www.libre-escale.fr\/wp-content\/uploads\/2025\/02\/P_20171005_131504-1-1536x864.jpg 1536w, https:\/\/www.libre-escale.fr\/wp-content\/uploads\/2025\/02\/P_20171005_131504-1-2048x1152.jpg 2048w, https:\/\/www.libre-escale.fr\/wp-content\/uploads\/2025\/02\/P_20171005_131504-1-800x450.jpg 800w\" sizes=\"(max-width: 1024px) 100vw, 1024px\" \/>\t\t\t\t\t\t\t\t\t\t\t\t\t\t\t<\/div>\n\t\t\t\t<\/div>\n\t\t\t\t\t<\/div>\n\t\t\t\t<\/div>\n\t\t<div class=\"elementor-element elementor-element-d629295 e-flex e-con-boxed e-con e-parent\" data-id=\"d629295\" data-element_type=\"container\" data-e-type=\"container\">\n\t\t\t\t\t<div class=\"e-con-inner\">\n\t\t\t\t<div class=\"elementor-element elementor-element-dd9bfe6 elementor-widget elementor-widget-spacer\" data-id=\"dd9bfe6\" data-element_type=\"widget\" data-e-type=\"widget\" data-widget_type=\"spacer.default\">\n\t\t\t\t<div class=\"elementor-widget-container\">\n\t\t\t\t\t\t\t<div class=\"elementor-spacer\">\n\t\t\t<div class=\"elementor-spacer-inner\"><\/div>\n\t\t<\/div>\n\t\t\t\t\t\t<\/div>\n\t\t\t\t<\/div>\n\t\t\t\t<div class=\"elementor-element elementor-element-b01eee5 elementor-view-default elementor-widget elementor-widget-icon\" data-id=\"b01eee5\" data-element_type=\"widget\" data-e-type=\"widget\" data-widget_type=\"icon.default\">\n\t\t\t\t<div class=\"elementor-widget-container\">\n\t\t\t\t\t\t\t<div class=\"elementor-icon-wrapper\">\n\t\t\t<a class=\"elementor-icon\" href=\"https:\/\/www.libre-escale.fr\/index.php\/les-offres\/\">\n\t\t\t<svg aria-hidden=\"true\" class=\"e-font-icon-svg e-fas-euro-sign\" viewBox=\"0 0 320 512\" xmlns=\"http:\/\/www.w3.org\/2000\/svg\"><path d=\"M310.706 413.765c-1.314-6.63-7.835-10.872-14.424-9.369-10.692 2.439-27.422 5.413-45.426 5.413-56.763 0-101.929-34.79-121.461-85.449h113.689a12 12 0 0 0 11.708-9.369l6.373-28.36c1.686-7.502-4.019-14.631-11.708-14.631H115.22c-1.21-14.328-1.414-28.287.137-42.245H261.95a12 12 0 0 0 11.723-9.434l6.512-29.755c1.638-7.484-4.061-14.566-11.723-14.566H130.184c20.633-44.991 62.69-75.03 117.619-75.03 14.486 0 28.564 2.25 37.851 4.145 6.216 1.268 12.347-2.498 14.002-8.623l11.991-44.368c1.822-6.741-2.465-13.616-9.326-14.917C290.217 34.912 270.71 32 249.635 32 152.451 32 74.03 92.252 45.075 176H12c-6.627 0-12 5.373-12 12v29.755c0 6.627 5.373 12 12 12h21.569c-1.009 13.607-1.181 29.287-.181 42.245H12c-6.627 0-12 5.373-12 12v28.36c0 6.627 5.373 12 12 12h30.114C67.139 414.692 145.264 480 249.635 480c26.301 0 48.562-4.544 61.101-7.788 6.167-1.595 10.027-7.708 8.788-13.957l-8.818-44.49z\"><\/path><\/svg>\t\t\t<\/a>\n\t\t<\/div>\n\t\t\t\t\t\t<\/div>\n\t\t\t\t<\/div>\n\t\t\t\t<div class=\"elementor-element elementor-element-442fb76 elementor-widget elementor-widget-text-editor\" data-id=\"442fb76\" data-element_type=\"widget\" data-e-type=\"widget\" data-widget_type=\"text-editor.default\">\n\t\t\t\t<div class=\"elementor-widget-container\">\n\t\t\t\t\t\t\t\t\t<p>Voir les offres<\/p>\t\t\t\t\t\t\t\t<\/div>\n\t\t\t\t<\/div>\n\t\t\t\t\t<\/div>\n\t\t\t\t<\/div>\n\t\t\t\t<\/div>\n\t\t","protected":false},"excerpt":{"rendered":"<p>\u00ab\u00a0Une envie d\u2019\u00e9vasion ? Parlons-en !\u00a0\u00bb Que vous ayez une id\u00e9e pr\u00e9cise de votre prochain voyage ou simplement l\u2019envie de partir sans savoir par o\u00f9 commencer, je suis l\u00e0 pour vous accompagner. Contactez-moi et construisons ensemble l\u2019itin\u00e9raire qui vous ressemble. Vous pouvez me contacter via : \u2709\ufe0f \u00a0contact@libre-escale.fr\ud83d\udcde r\u00e9server un appel d\u00e9couverte H\u00e2te d\u2019\u00e9changer avec [&hellip;]<\/p>\n","protected":false},"author":1,"featured_media":0,"parent":0,"menu_order":0,"comment_status":"closed","ping_status":"closed","template":"","meta":{"ocean_post_layout":"","ocean_both_sidebars_style":"","ocean_both_sidebars_content_width":0,"ocean_both_sidebars_sidebars_width":0,"ocean_sidebar":"","ocean_second_sidebar":"","ocean_disable_margins":"enable","ocean_add_body_class":"","ocean_shortcode_before_top_bar":"","ocean_shortcode_after_top_bar":"","ocean_shortcode_before_header":"","ocean_shortcode_after_header":"","ocean_has_shortcode":"","ocean_shortcode_after_title":"","ocean_shortcode_before_footer_widgets":"","ocean_shortcode_after_footer_widgets":"","ocean_shortcode_before_footer_bottom":"","ocean_shortcode_after_footer_bottom":"","ocean_display_top_bar":"default","ocean_display_header":"default","ocean_header_style":"","ocean_center_header_left_menu":"","ocean_custom_header_template":"","ocean_custom_logo":0,"ocean_custom_retina_logo":0,"ocean_custom_logo_max_width":0,"ocean_custom_logo_tablet_max_width":0,"ocean_custom_logo_mobile_max_width":0,"ocean_custom_logo_max_height":0,"ocean_custom_logo_tablet_max_height":0,"ocean_custom_logo_mobile_max_height":0,"ocean_header_custom_menu":"","ocean_menu_typo_font_family":"","ocean_menu_typo_font_subset":"","ocean_menu_typo_font_size":0,"ocean_menu_typo_font_size_tablet":0,"ocean_menu_typo_font_size_mobile":0,"ocean_menu_typo_font_size_unit":"px","ocean_menu_typo_font_weight":"","ocean_menu_typo_font_weight_tablet":"","ocean_menu_typo_font_weight_mobile":"","ocean_menu_typo_transform":"","ocean_menu_typo_transform_tablet":"","ocean_menu_typo_transform_mobile":"","ocean_menu_typo_line_height":0,"ocean_menu_typo_line_height_tablet":0,"ocean_menu_typo_line_height_mobile":0,"ocean_menu_typo_line_height_unit":"","ocean_menu_typo_spacing":0,"ocean_menu_typo_spacing_tablet":0,"ocean_menu_typo_spacing_mobile":0,"ocean_menu_typo_spacing_unit":"","ocean_menu_link_color":"","ocean_menu_link_color_hover":"","ocean_menu_link_color_active":"","ocean_menu_link_background":"","ocean_menu_link_hover_background":"","ocean_menu_link_active_background":"","ocean_menu_social_links_bg":"","ocean_menu_social_hover_links_bg":"","ocean_menu_social_links_color":"","ocean_menu_social_hover_links_color":"","ocean_disable_title":"default","ocean_disable_heading":"default","ocean_post_title":"","ocean_post_subheading":"","ocean_post_title_style":"","ocean_post_title_background_color":"","ocean_post_title_background":0,"ocean_post_title_bg_image_position":"","ocean_post_title_bg_image_attachment":"","ocean_post_title_bg_image_repeat":"","ocean_post_title_bg_image_size":"","ocean_post_title_height":0,"ocean_post_title_bg_overlay":0.5,"ocean_post_title_bg_overlay_color":"","ocean_disable_breadcrumbs":"default","ocean_breadcrumbs_color":"","ocean_breadcrumbs_separator_color":"","ocean_breadcrumbs_links_color":"","ocean_breadcrumbs_links_hover_color":"","ocean_display_footer_widgets":"default","ocean_display_footer_bottom":"default","ocean_custom_footer_template":"","footnotes":""},"class_list":["post-15","page","type-page","status-publish","hentry","entry"],"yoast_head":"<!-- This site is optimized with the Yoast SEO plugin v27.4 - https:\/\/yoast.com\/product\/yoast-seo-wordpress\/ -->\n<title>Contact - Libre Escale<\/title>\n<meta name=\"description\" content=\"Je suis l\u00e0 pour vous accompagner, contactez-moi \u00e0 contact@libre-escale.fr ou r\u00e9servez un appel d\u00e9couverte de 30min.\" \/>\n<meta name=\"robots\" content=\"index, follow, max-snippet:-1, max-image-preview:large, max-video-preview:-1\" \/>\n<link rel=\"canonical\" href=\"https:\/\/www.libre-escale.fr\/index.php\/contact\/\" \/>\n<meta property=\"og:locale\" content=\"fr_FR\" \/>\n<meta property=\"og:type\" content=\"article\" \/>\n<meta property=\"og:title\" content=\"Contact - Libre Escale\" \/>\n<meta property=\"og:description\" content=\"Je suis l\u00e0 pour vous accompagner, contactez-moi \u00e0 contact@libre-escale.fr ou r\u00e9servez un appel d\u00e9couverte de 30min.\" \/>\n<meta property=\"og:url\" content=\"https:\/\/www.libre-escale.fr\/index.php\/contact\/\" \/>\n<meta property=\"og:site_name\" content=\"Libre Escale\" \/>\n<meta property=\"article:modified_time\" content=\"2025-02-26T21:23:06+00:00\" \/>\n<meta property=\"og:image\" content=\"https:\/\/www.libre-escale.fr\/wp-content\/uploads\/2025\/02\/P_20171005_131504-1-1024x576.jpg\" \/>\n<meta name=\"twitter:card\" content=\"summary_large_image\" \/>\n<meta name=\"twitter:label1\" content=\"Dur\u00e9e de lecture estim\u00e9e\" \/>\n\t<meta name=\"twitter:data1\" content=\"1 minute\" \/>\n<script type=\"application\/ld+json\" class=\"yoast-schema-graph\">{\"@context\":\"https:\\\/\\\/schema.org\",\"@graph\":[{\"@type\":\"WebPage\",\"@id\":\"https:\\\/\\\/www.libre-escale.fr\\\/index.php\\\/contact\\\/\",\"url\":\"https:\\\/\\\/www.libre-escale.fr\\\/index.php\\\/contact\\\/\",\"name\":\"Contact - Libre Escale\",\"isPartOf\":{\"@id\":\"https:\\\/\\\/www.libre-escale.fr\\\/#website\"},\"primaryImageOfPage\":{\"@id\":\"https:\\\/\\\/www.libre-escale.fr\\\/index.php\\\/contact\\\/#primaryimage\"},\"image\":{\"@id\":\"https:\\\/\\\/www.libre-escale.fr\\\/index.php\\\/contact\\\/#primaryimage\"},\"thumbnailUrl\":\"https:\\\/\\\/www.libre-escale.fr\\\/wp-content\\\/uploads\\\/2025\\\/02\\\/P_20171005_131504-1-1024x576.jpg\",\"datePublished\":\"2025-02-16T12:59:15+00:00\",\"dateModified\":\"2025-02-26T21:23:06+00:00\",\"description\":\"Je suis l\u00e0 pour vous accompagner, contactez-moi \u00e0 contact@libre-escale.fr ou r\u00e9servez un appel d\u00e9couverte de 30min.\",\"breadcrumb\":{\"@id\":\"https:\\\/\\\/www.libre-escale.fr\\\/index.php\\\/contact\\\/#breadcrumb\"},\"inLanguage\":\"fr-FR\",\"potentialAction\":[{\"@type\":\"ReadAction\",\"target\":[\"https:\\\/\\\/www.libre-escale.fr\\\/index.php\\\/contact\\\/\"]}]},{\"@type\":\"ImageObject\",\"inLanguage\":\"fr-FR\",\"@id\":\"https:\\\/\\\/www.libre-escale.fr\\\/index.php\\\/contact\\\/#primaryimage\",\"url\":\"https:\\\/\\\/www.libre-escale.fr\\\/wp-content\\\/uploads\\\/2025\\\/02\\\/P_20171005_131504-1-scaled.jpg\",\"contentUrl\":\"https:\\\/\\\/www.libre-escale.fr\\\/wp-content\\\/uploads\\\/2025\\\/02\\\/P_20171005_131504-1-scaled.jpg\",\"width\":2560,\"height\":1440,\"caption\":\"Jpeg\"},{\"@type\":\"BreadcrumbList\",\"@id\":\"https:\\\/\\\/www.libre-escale.fr\\\/index.php\\\/contact\\\/#breadcrumb\",\"itemListElement\":[{\"@type\":\"ListItem\",\"position\":1,\"name\":\"Accueil\",\"item\":\"https:\\\/\\\/www.libre-escale.fr\\\/\"},{\"@type\":\"ListItem\",\"position\":2,\"name\":\"Contact\"}]},{\"@type\":\"WebSite\",\"@id\":\"https:\\\/\\\/www.libre-escale.fr\\\/#website\",\"url\":\"https:\\\/\\\/www.libre-escale.fr\\\/\",\"name\":\"Libre Escale\",\"description\":\"Voyagez serein, laissez-vous guider\",\"publisher\":{\"@id\":\"https:\\\/\\\/www.libre-escale.fr\\\/#organization\"},\"potentialAction\":[{\"@type\":\"SearchAction\",\"target\":{\"@type\":\"EntryPoint\",\"urlTemplate\":\"https:\\\/\\\/www.libre-escale.fr\\\/?s={search_term_string}\"},\"query-input\":{\"@type\":\"PropertyValueSpecification\",\"valueRequired\":true,\"valueName\":\"search_term_string\"}}],\"inLanguage\":\"fr-FR\"},{\"@type\":\"Organization\",\"@id\":\"https:\\\/\\\/www.libre-escale.fr\\\/#organization\",\"name\":\"Libre Escale\",\"url\":\"https:\\\/\\\/www.libre-escale.fr\\\/\",\"logo\":{\"@type\":\"ImageObject\",\"inLanguage\":\"fr-FR\",\"@id\":\"https:\\\/\\\/www.libre-escale.fr\\\/#\\\/schema\\\/logo\\\/image\\\/\",\"url\":\"https:\\\/\\\/www.libre-escale.fr\\\/wp-content\\\/uploads\\\/2025\\\/02\\\/cropped-Logo-Web-LIBRE-ESCALE-TRAVEL-PLANNER-1.png\",\"contentUrl\":\"https:\\\/\\\/www.libre-escale.fr\\\/wp-content\\\/uploads\\\/2025\\\/02\\\/cropped-Logo-Web-LIBRE-ESCALE-TRAVEL-PLANNER-1.png\",\"width\":1022,\"height\":321,\"caption\":\"Libre Escale\"},\"image\":{\"@id\":\"https:\\\/\\\/www.libre-escale.fr\\\/#\\\/schema\\\/logo\\\/image\\\/\"}}]}<\/script>\n<!-- \/ Yoast SEO plugin. -->","yoast_head_json":{"title":"Contact - Libre Escale","description":"Je suis l\u00e0 pour vous accompagner, contactez-moi \u00e0 contact@libre-escale.fr ou r\u00e9servez un appel d\u00e9couverte de 30min.","robots":{"index":"index","follow":"follow","max-snippet":"max-snippet:-1","max-image-preview":"max-image-preview:large","max-video-preview":"max-video-preview:-1"},"canonical":"https:\/\/www.libre-escale.fr\/index.php\/contact\/","og_locale":"fr_FR","og_type":"article","og_title":"Contact - Libre Escale","og_description":"Je suis l\u00e0 pour vous accompagner, contactez-moi \u00e0 contact@libre-escale.fr ou r\u00e9servez un appel d\u00e9couverte de 30min.","og_url":"https:\/\/www.libre-escale.fr\/index.php\/contact\/","og_site_name":"Libre Escale","article_modified_time":"2025-02-26T21:23:06+00:00","og_image":[{"url":"https:\/\/www.libre-escale.fr\/wp-content\/uploads\/2025\/02\/P_20171005_131504-1-1024x576.jpg","type":"","width":"","height":""}],"twitter_card":"summary_large_image","twitter_misc":{"Dur\u00e9e de lecture estim\u00e9e":"1 minute"},"schema":{"@context":"https:\/\/schema.org","@graph":[{"@type":"WebPage","@id":"https:\/\/www.libre-escale.fr\/index.php\/contact\/","url":"https:\/\/www.libre-escale.fr\/index.php\/contact\/","name":"Contact - Libre Escale","isPartOf":{"@id":"https:\/\/www.libre-escale.fr\/#website"},"primaryImageOfPage":{"@id":"https:\/\/www.libre-escale.fr\/index.php\/contact\/#primaryimage"},"image":{"@id":"https:\/\/www.libre-escale.fr\/index.php\/contact\/#primaryimage"},"thumbnailUrl":"https:\/\/www.libre-escale.fr\/wp-content\/uploads\/2025\/02\/P_20171005_131504-1-1024x576.jpg","datePublished":"2025-02-16T12:59:15+00:00","dateModified":"2025-02-26T21:23:06+00:00","description":"Je suis l\u00e0 pour vous accompagner, contactez-moi \u00e0 contact@libre-escale.fr ou r\u00e9servez un appel d\u00e9couverte de 30min.","breadcrumb":{"@id":"https:\/\/www.libre-escale.fr\/index.php\/contact\/#breadcrumb"},"inLanguage":"fr-FR","potentialAction":[{"@type":"ReadAction","target":["https:\/\/www.libre-escale.fr\/index.php\/contact\/"]}]},{"@type":"ImageObject","inLanguage":"fr-FR","@id":"https:\/\/www.libre-escale.fr\/index.php\/contact\/#primaryimage","url":"https:\/\/www.libre-escale.fr\/wp-content\/uploads\/2025\/02\/P_20171005_131504-1-scaled.jpg","contentUrl":"https:\/\/www.libre-escale.fr\/wp-content\/uploads\/2025\/02\/P_20171005_131504-1-scaled.jpg","width":2560,"height":1440,"caption":"Jpeg"},{"@type":"BreadcrumbList","@id":"https:\/\/www.libre-escale.fr\/index.php\/contact\/#breadcrumb","itemListElement":[{"@type":"ListItem","position":1,"name":"Accueil","item":"https:\/\/www.libre-escale.fr\/"},{"@type":"ListItem","position":2,"name":"Contact"}]},{"@type":"WebSite","@id":"https:\/\/www.libre-escale.fr\/#website","url":"https:\/\/www.libre-escale.fr\/","name":"Libre Escale","description":"Voyagez serein, laissez-vous guider","publisher":{"@id":"https:\/\/www.libre-escale.fr\/#organization"},"potentialAction":[{"@type":"SearchAction","target":{"@type":"EntryPoint","urlTemplate":"https:\/\/www.libre-escale.fr\/?s={search_term_string}"},"query-input":{"@type":"PropertyValueSpecification","valueRequired":true,"valueName":"search_term_string"}}],"inLanguage":"fr-FR"},{"@type":"Organization","@id":"https:\/\/www.libre-escale.fr\/#organization","name":"Libre Escale","url":"https:\/\/www.libre-escale.fr\/","logo":{"@type":"ImageObject","inLanguage":"fr-FR","@id":"https:\/\/www.libre-escale.fr\/#\/schema\/logo\/image\/","url":"https:\/\/www.libre-escale.fr\/wp-content\/uploads\/2025\/02\/cropped-Logo-Web-LIBRE-ESCALE-TRAVEL-PLANNER-1.png","contentUrl":"https:\/\/www.libre-escale.fr\/wp-content\/uploads\/2025\/02\/cropped-Logo-Web-LIBRE-ESCALE-TRAVEL-PLANNER-1.png","width":1022,"height":321,"caption":"Libre Escale"},"image":{"@id":"https:\/\/www.libre-escale.fr\/#\/schema\/logo\/image\/"}}]}},"_links":{"self":[{"href":"https:\/\/www.libre-escale.fr\/index.php\/wp-json\/wp\/v2\/pages\/15","targetHints":{"allow":["GET"]}}],"collection":[{"href":"https:\/\/www.libre-escale.fr\/index.php\/wp-json\/wp\/v2\/pages"}],"about":[{"href":"https:\/\/www.libre-escale.fr\/index.php\/wp-json\/wp\/v2\/types\/page"}],"author":[{"embeddable":true,"href":"https:\/\/www.libre-escale.fr\/index.php\/wp-json\/wp\/v2\/users\/1"}],"replies":[{"embeddable":true,"href":"https:\/\/www.libre-escale.fr\/index.php\/wp-json\/wp\/v2\/comments?post=15"}],"version-history":[{"count":47,"href":"https:\/\/www.libre-escale.fr\/index.php\/wp-json\/wp\/v2\/pages\/15\/revisions"}],"predecessor-version":[{"id":670,"href":"https:\/\/www.libre-escale.fr\/index.php\/wp-json\/wp\/v2\/pages\/15\/revisions\/670"}],"wp:attachment":[{"href":"https:\/\/www.libre-escale.fr\/index.php\/wp-json\/wp\/v2\/media?parent=15"}],"curies":[{"name":"wp","href":"https:\/\/api.w.org\/{rel}","templated":true}]}}